, 1889
What are the prime factors of 1466554015?
5, 37, 89, 89071
List the prime factors of 65471456.
2, 43, 47581
List the prime factors of 80575541.
31, 751, 3461
What are the prime factors of 67327690?
2, 5, 353, 19073
What are the prime factors of 130029316?
2, 32507329
What are the prime factors of 76562107?
47, 271, 6011
What are the prime factors of 1819342?
2, 7, 129953
List the prime factors of 3441636385.
5, 11, 3449, 18143
What are the prime factors of 1164953444?
2, 317, 918733
List the prime factors of 717068302.
2, 358534151
List the prime factors of 152469374.
2, 76234687
List the prime factors of 447968947.
19, 79, 149, 2003
List the prime factors of 112871017.
7, 47, 343073
List the prime factors of 68258853.
3, 13, 583409
What are the prime factors of 86388455?
5, 1381, 12511
What are the prime factors of 871071461?
13, 113, 45613
List the prime factors of 4187859703.
83, 137, 368293
What are the prime factors of 30269055?
3, 5, 751, 2687
List the prime factors of 721063204.
2, 10627, 16963
List the prime factors of 75002871.
3, 131, 139, 1373
List the prime factors of 157359807.
3, 11, 47, 11273
List the prime factors of 914682925.
5, 13, 216493
What are the prime factors of 576543236?
2, 17, 443, 19139
List the prime factors of 52939882.
2, 23, 1150867
List the prime factors of 110011427.
110011427
List the prime factors of 397233337.
397233337
What are the prime factors of 1011903623?
1011903623
What are the prime factors of 6215834797?
17, 365637341
List the prime factors of 182445814.
2, 1951, 46757
What are the prime factors of 1538113377?
3, 397, 1291447
List the prime factors of 768608466.
2, 3, 709, 180679
List the prime factors of 237261559.
83, 2858573
What are the prime factors of 789650084?
2, 857, 230353
What are the prime factors of 1352627335?
5, 47, 79, 72859
List the prime factors of 788283615.
3, 5, 7, 137, 54799
List the prime factors of 1376344430.
2, 5, 43, 3200801
List the prime factors of 1797202.
2, 11, 151, 541
List the prime factors of 58196894.
2, 7, 4156921
List the prime factors of 477300331.
477300331
What are the prime factors of 1352749477?
349, 3876073
List the prime factors of 4048082516.
2, 103, 9825443
What are the prime factors of 3590631035?
5, 47, 15279281
List the prime factors of 1793888648.
2, 19, 11801899
What are the prime factors of 4528451?
71, 63781
What are the prime factors of 776417357?
2879, 269683
What are the prime factors of 152068415?
5, 4451, 6833
List the prime factors of 621576612.
2, 3, 691, 8329
What are the prime factors of 19624850?
2, 5, 7, 47, 1193
What are the prime factors of 5012285203?
5012285203
List the prime factors of 69205413.
3, 23, 137, 7321
List the prime factors of 64292029.
19, 3383791
What are the prime factors of 38293216?
2, 13, 92051
What are the prime factors of 322181740?
2, 5, 1747, 9221
What are the prime factors of 196435416?
2, 3, 71, 115279
List the prime factors of 122754504.
2, 3, 5114771
List the prime factors of 36548878.
2, 17, 541, 1987
List the prime factors of 5874997978.
2, 2937498989
List the prime factors of 106160601.
3, 35386867
List the prime factors of 489216822.
2, 3, 79, 229, 4507
List the prime factors of 158592797.
11, 23, 41, 15289
What are the prime factors of 193795732?
2, 13, 3726841
List the prime factors of 613965287.
13, 67, 704897
What are the prime factors of 1817073872?
2, 113567117
What are the prime factors of 34173177?
3, 409, 27851
What are the prime factors of 2650425759?
3, 1229, 79873
List the prime factors of 45227453.
23, 59, 33329
List the prime factors of 379754910.
2, 3, 5, 109, 38711
What are the prime factors of 1151459950?
2, 5, 23029199
What are the prime factors of 279900932?
2, 19, 41, 43, 2089
List the prime factors of 75355840.
2, 5, 7, 33641
List the prime factors of 504845472.
2, 3, 5258807
What are the prime factors of 693825579?
3, 77091731
What are the prime factors of 505936267?
23, 4481, 4909
What are the prime factors of 771449181?
3, 73, 127, 27737
What are the prime factors of 3200084948?
2, 1229, 650953
List the prime factors of 166901223.
3, 17, 349, 9377
What are the prime factors of 1871388348?
2, 3, 223, 699323
List the prime factors of 1569365218.
2, 29, 193, 140197
What are the prime factors of 137571810?
2, 3, 5, 41, 111847
List the prime factors of 6722843406.
2, 3, 53, 101, 209317
List the prime factors of 204708451.
19, 10774129
What are the prime factors of 257988894?
2, 3, 907, 47407
List the prime factors of 104843864.
2, 13105483
What are the prime factors of 1311217480?
2, 5, 17, 1928261
What are the prime factors of 552561360?
2, 3, 5, 13, 29, 31, 197
List the prime factors of 7559861.
881, 8581
List the prime factors of 393121256.
2, 11, 406117
What are the prime factors of 139952050?
2, 5, 7, 281, 1423
List the prime factors of 122273151.
3, 7, 11, 13, 19, 2143
List the prime factors of 605237804.
2, 127, 199, 5987
What are the prime factors of 253497775?
5, 139, 72949
List the prime factors of 547894717.
17, 71, 453931
What are the prime factors of 3675842853?
3, 613, 1998827
What are the prime factors of 20992128?
2, 3, 54667
What are the prime factors of 67839678?
2, 3, 601, 6271
What are the prime factors of 132864123?
3, 7, 23, 139, 1979
What are the prime factors of 232452801?
3, 7, 179, 6871
List the prime factors of 37357630.
2, 5, 3735763
List the prime factors of 5246877380.
2, 5, 262343869
What are the prime factors of 2486534388?
2, 3, 13, 15939323
List the prime factors of 146002718.
2, 199, 366841
List the prime factors of 14545306.
2, 2663, 2731
What are the prime factors of 591757259?
591757259
List the prime factors of 204867387.
3, 2529227
What are the prime factors of 1460394256?
2, 91274641
What are the prime factors of 6150476629?
11, 29, 1303, 14797
List the prime factors of 71959233.
3, 23986411
What are the prime factors of 1479818670?
2, 3, 5, 11, 29, 101, 1531
List the prime factors of 195169696.
2, 6099053
What are the prime factors of 48974539?
113, 347, 1249
What are the prime factors of 241764550?
2, 5, 19, 254489
List the prime factors of 201257251.
13, 15481327
List the prime factors of 37459758.
2, 3, 7, 891899
List the prime factors of 2168221134.
2, 3, 29, 12461041
List the prime factors of 63266453.
63266453
List the prime factors of 59573399.
2411, 24709
List the prime factors of 733630150.
2, 5, 11, 443, 3011
List the prime factors of 499110253.
499110253
What are the prime factors of 6859222?
2, 59, 58129
What are the prime factors of 40639505?
5, 23, 37, 9551
List the prime factors of 210429752.
2, 13, 2023363
What are the prime factors of 1644161305?
5, 157, 2094473
List the prime factors of 25690668.
2, 3, 607, 3527
What are the prime factors of 621546858?
2, 3, 426301
List the prime factors of 851765825.
5, 73, 101, 4621
List the prime factors of 13972122.
2, 3, 258743
List the prime factors of 919672975.
5, 13, 1019, 2777
List the prime factors of 163271043.
3, 13, 17, 23, 43, 83
List the prime factors of 3380224414.
2, 7, 461, 523741
What are the prime factors of 119048206?
2, 59524103
What are the prime factors of 48197444?
2, 12049361
What are the prime factors of 73974596?
2, 18493649
List the prime factors of 4660902836.
2, 1165225709
What are the prime factors of 147442951?
147442951
What are the prime factors of 76394294?
2, 17, 29, 77479
List the prime factors of 1530325989.
3, 163, 1043167
What are the prime factors of 10491817?
7, 61, 24571
List the prime factors of 34755824.
2, 2172239
List the prime factors of 42708962.
2, 41, 520841
What are the prime factors of 82607072?
2, 53, 919
List the prime factors of 489863296.
2, 13, 17, 17317
What are the prime factors of 1534553052?
2, 3, 8219, 15559
What are the prime factors of 1136468384?
2, 59, 601943
What are the prime factors of 56069759?
263, 213193
What are the prime factors of 556471710?
2, 3, 5, 17, 401, 907
List the prime factors of 51665017.
1093, 47269
What are the prime factors of 932018344?
2, 3727, 31259
What are the prime factors of 2213552664?
2, 3, 179, 57251
List the prime factors of 2121895471.
19, 31, 197, 18287
List the prime factors of 85940149.
2647, 32467
What are the prime factors of 99069320?
2, 5, 7, 353819
List the prime facto